{"id":417,"date":"2019-07-04T08:45:11","date_gmt":"2019-07-04T06:45:11","guid":{"rendered":"http:\/\/ibpsa-germany.org\/wordpress\/?page_id=417"},"modified":"2019-12-13T15:21:49","modified_gmt":"2019-12-13T14:21:49","slug":"tools","status":"publish","type":"page","link":"https:\/\/ibpsa-germany.org\/wordpress\/tools","title":{"rendered":"Tools"},"content":{"rendered":"\t\t<div data-elementor-type=\"wp-post\" data-elementor-id=\"417\" class=\"elementor elementor-417\">\n\t\t\t\t\t\t\t\t\t<section class=\"elementor-section elementor-top-section elementor-element elementor-element-25ae285 elementor-section-boxed elementor-section-height-default elementor-section-height-default\" data-id=\"25ae285\" data-element_type=\"section\">\n\t\t\t\t\t\t<div class=\"elementor-container elementor-column-gap-default\">\n\t\t\t\t\t<div class=\"elementor-column elementor-col-100 elementor-top-column elementor-element elementor-element-91d7e53\" data-id=\"91d7e53\" data-element_type=\"column\">\n\t\t\t<div class=\"elementor-widget-wrap elementor-element-populated\">\n\t\t\t\t\t\t\t\t<div class=\"elementor-element elementor-element-569a23f elementor-widget elementor-widget-heading\" data-id=\"569a23f\" data-element_type=\"widget\" data-widget_type=\"heading.default\">\n\t\t\t\t<div class=\"elementor-widget-container\">\n\t\t\t<h2 class=\"elementor-heading-title elementor-size-default\">Kostenfreie Tools aus der Community<\/h2>\t\t<\/div>\n\t\t\t\t<\/div>\n\t\t\t\t\t<\/div>\n\t\t<\/div>\n\t\t\t\t\t\t\t<\/div>\n\t\t<\/section>\n\t\t\t\t<section class=\"elementor-section elementor-top-section elementor-element elementor-element-4586eb39 elementor-section-boxed elementor-section-height-default elementor-section-height-default\" data-id=\"4586eb39\" data-element_type=\"section\">\n\t\t\t\t\t\t<div class=\"elementor-container elementor-column-gap-default\">\n\t\t\t\t\t<div class=\"elementor-column elementor-col-100 elementor-top-column elementor-element elementor-element-2645cf0d\" data-id=\"2645cf0d\" data-element_type=\"column\">\n\t\t\t<div class=\"elementor-widget-wrap elementor-element-populated\">\n\t\t\t\t\t\t\t\t<div class=\"elementor-element elementor-element-4dc1b27a elementor-widget elementor-widget-text-editor\" data-id=\"4dc1b27a\" data-element_type=\"widget\" data-widget_type=\"text-editor.default\">\n\t\t\t\t<div class=\"elementor-widget-container\">\n\t\t\t\t\t\t\t<!-- wp:paragraph -->\n<p>Im Rahmen von F&amp;E-Projekten werden oft Tools f\u00fcr verschiedenste Aufgaben im Bereich der Quartiers-, Geb\u00e4ude-, Bauteil- und Anlagensimulation entwickelt. Um die Nachnutzung bzw. externe Weiterentwicklung zu f\u00f6rdern, m\u00f6chten wir hier eine \u00dcbersicht pflegen.<\/p>\n<!-- \/wp:paragraph -->\t\t\t\t\t\t<\/div>\n\t\t\t\t<\/div>\n\t\t\t\t\t<\/div>\n\t\t<\/div>\n\t\t\t\t\t\t\t<\/div>\n\t\t<\/section>\n\t\t\t\t<section class=\"elementor-section elementor-top-section elementor-element elementor-element-93cbadd elementor-section-boxed elementor-section-height-default elementor-section-height-default\" data-id=\"93cbadd\" data-element_type=\"section\">\n\t\t\t\t\t\t<div class=\"elementor-container elementor-column-gap-default\">\n\t\t\t\t\t<div class=\"elementor-column elementor-col-100 elementor-top-column elementor-element elementor-element-780f42a\" data-id=\"780f42a\" data-element_type=\"column\">\n\t\t\t<div class=\"elementor-widget-wrap elementor-element-populated\">\n\t\t\t\t\t\t\t\t<div class=\"elementor-element elementor-element-4c6d324 elementor-widget elementor-widget-heading\" data-id=\"4c6d324\" data-element_type=\"widget\" data-widget_type=\"heading.default\">\n\t\t\t\t<div class=\"elementor-widget-container\">\n\t\t\t<h2 class=\"elementor-heading-title elementor-size-small\"><a href=\"https:\/\/github.com\/RWTH-EBC\/AixLib\">AixLib<\/a><\/h2>\t\t<\/div>\n\t\t\t\t<\/div>\n\t\t\t\t\t<\/div>\n\t\t<\/div>\n\t\t\t\t\t\t\t<\/div>\n\t\t<\/section>\n\t\t\t\t<section class=\"elementor-section elementor-top-section elementor-element elementor-element-9d5afdf elementor-section-boxed elementor-section-height-default elementor-section-height-default\" data-id=\"9d5afdf\" data-element_type=\"section\">\n\t\t\t\t\t\t<div class=\"elementor-container elementor-column-gap-default\">\n\t\t\t\t\t<div class=\"elementor-column elementor-col-50 elementor-top-column elementor-element elementor-element-84d5287\" data-id=\"84d5287\" data-element_type=\"column\">\n\t\t\t<div class=\"elementor-widget-wrap elementor-element-populated\">\n\t\t\t\t\t\t\t\t<div class=\"elementor-element elementor-element-e8e370e elementor-widget elementor-widget-image\" data-id=\"e8e370e\" data-element_type=\"widget\" data-widget_type=\"image.default\">\n\t\t\t\t<div class=\"elementor-widget-container\">\n\t\t\t\t\t\t\t\t\t\t\t\t\t\t\t\t<a href=\"https:\/\/github.com\/RWTH-EBC\/AixLib\">\n\t\t\t\t\t\t\t<img loading=\"lazy\" decoding=\"async\" width=\"280\" height=\"279\" src=\"https:\/\/ibpsa-germany.org\/wordpress\/wp-content\/uploads\/2019\/07\/AixLib.png\" class=\"attachment-large size-large wp-image-440\" alt=\"\" srcset=\"https:\/\/ibpsa-germany.org\/wordpress\/wp-content\/uploads\/2019\/07\/AixLib.png 280w, https:\/\/ibpsa-germany.org\/wordpress\/wp-content\/uploads\/2019\/07\/AixLib-150x150.png 150w\" sizes=\"(max-width: 280px) 100vw, 280px\" \/>\t\t\t\t\t\t\t\t<\/a>\n\t\t\t\t\t\t\t\t\t\t\t\t\t\t\t<\/div>\n\t\t\t\t<\/div>\n\t\t\t\t\t<\/div>\n\t\t<\/div>\n\t\t\t\t<div class=\"elementor-column elementor-col-50 elementor-top-column elementor-element elementor-element-a74fb8d\" data-id=\"a74fb8d\" data-element_type=\"column\">\n\t\t\t<div class=\"elementor-widget-wrap elementor-element-populated\">\n\t\t\t\t\t\t\t\t<div class=\"elementor-element elementor-element-8e1c87e elementor-widget elementor-widget-text-editor\" data-id=\"8e1c87e\" data-element_type=\"widget\" data-widget_type=\"text-editor.default\">\n\t\t\t\t<div class=\"elementor-widget-container\">\n\t\t\t\t\t\t\t<p><a href=\"https:\/\/github.com\/RWTH-EBC\/AixLib\">AixLib<\/a> ist eine Modelica-Modellbibliothek zur Erstellung von Geb\u00e4ude- und Anlagensimulationen. Die Bibliothek wird am E.ON Energy Research Center, Lehrstuhl f\u00fcr Geb\u00e4ude- und Raumklimatechnik der RWTH Aachen University entwickelt. Einer lokalen Tradition Aachens folgend, entspringt der Name der Bibliothek aus dem franz\u00f6sischen Namen der Stadt, Aix-la-Chapelle.<br \/>Die Bibliothek enth\u00e4lt Simulationsmodelle f\u00fcr die thermische Geb\u00e4udemasse in zwei unterschiedlichen Detailgraden. Komponenten f\u00fcr die technische Geb\u00e4udeausr\u00fcstung wie W\u00e4rmepumpen, Kessel, KWK-Systeme, Heizk\u00f6rper und Rohre sind ebenfalls als dynamische Berechnungsmodelle in der Bibliothek vorhanden.<\/p>\t\t\t\t\t\t<\/div>\n\t\t\t\t<\/div>\n\t\t\t\t\t<\/div>\n\t\t<\/div>\n\t\t\t\t\t\t\t<\/div>\n\t\t<\/section>\n\t\t\t\t<section class=\"elementor-section elementor-top-section elementor-element elementor-element-335536d elementor-section-boxed elementor-section-height-default elementor-section-height-default\" data-id=\"335536d\" data-element_type=\"section\">\n\t\t\t\t\t\t<div class=\"elementor-container elementor-column-gap-default\">\n\t\t\t\t\t<div class=\"elementor-column elementor-col-100 elementor-top-column elementor-element elementor-element-d50b584\" data-id=\"d50b584\" data-element_type=\"column\">\n\t\t\t<div class=\"elementor-widget-wrap elementor-element-populated\">\n\t\t\t\t\t\t\t\t<div class=\"elementor-element elementor-element-43589b3 elementor-widget elementor-widget-heading\" data-id=\"43589b3\" data-element_type=\"widget\" data-widget_type=\"heading.default\">\n\t\t\t\t<div class=\"elementor-widget-container\">\n\t\t\t<h2 class=\"elementor-heading-title elementor-size-small\"><a href=\"https:\/\/github.com\/RWTH-EBC\/TEASER\">TEASER<\/a><\/h2>\t\t<\/div>\n\t\t\t\t<\/div>\n\t\t\t\t\t<\/div>\n\t\t<\/div>\n\t\t\t\t\t\t\t<\/div>\n\t\t<\/section>\n\t\t\t\t<section class=\"elementor-section elementor-top-section elementor-element elementor-element-39e14f0 elementor-section-boxed elementor-section-height-default elementor-section-height-default\" data-id=\"39e14f0\" data-element_type=\"section\">\n\t\t\t\t\t\t<div class=\"elementor-container elementor-column-gap-default\">\n\t\t\t\t\t<div class=\"elementor-column elementor-col-50 elementor-top-column elementor-element elementor-element-2a9b05f\" data-id=\"2a9b05f\" data-element_type=\"column\">\n\t\t\t<div class=\"elementor-widget-wrap elementor-element-populated\">\n\t\t\t\t\t\t\t\t<div class=\"elementor-element elementor-element-7474146 elementor-widget elementor-widget-image\" data-id=\"7474146\" data-element_type=\"widget\" data-widget_type=\"image.default\">\n\t\t\t\t<div class=\"elementor-widget-container\">\n\t\t\t\t\t\t\t\t\t\t\t\t\t\t\t\t<a href=\"https:\/\/github.com\/RWTH-EBC\/TEASER\">\n\t\t\t\t\t\t\t<img loading=\"lazy\" decoding=\"async\" width=\"387\" height=\"137\" src=\"https:\/\/ibpsa-germany.org\/wordpress\/wp-content\/uploads\/2019\/07\/teaser.png\" class=\"attachment-large size-large wp-image-441\" alt=\"\" srcset=\"https:\/\/ibpsa-germany.org\/wordpress\/wp-content\/uploads\/2019\/07\/teaser.png 387w, https:\/\/ibpsa-germany.org\/wordpress\/wp-content\/uploads\/2019\/07\/teaser-300x106.png 300w\" sizes=\"(max-width: 387px) 100vw, 387px\" \/>\t\t\t\t\t\t\t\t<\/a>\n\t\t\t\t\t\t\t\t\t\t\t\t\t\t\t<\/div>\n\t\t\t\t<\/div>\n\t\t\t\t\t<\/div>\n\t\t<\/div>\n\t\t\t\t<div class=\"elementor-column elementor-col-50 elementor-top-column elementor-element elementor-element-35a67f1\" data-id=\"35a67f1\" data-element_type=\"column\">\n\t\t\t<div class=\"elementor-widget-wrap elementor-element-populated\">\n\t\t\t\t\t\t\t\t<div class=\"elementor-element elementor-element-e71f841 elementor-widget elementor-widget-text-editor\" data-id=\"e71f841\" data-element_type=\"widget\" data-widget_type=\"text-editor.default\">\n\t\t\t\t<div class=\"elementor-widget-container\">\n\t\t\t\t\t\t\t<p><a href=\"https:\/\/github.com\/RWTH-EBC\/TEASER\" data-wplink-edit=\"true\">TEASER<\/a> (Tool for Energy Analysis and Simulation for Efficient Retrofit) bzw. <a href=\"https:\/\/teaser.eonerc.rwth-aachen.de\/\">TEASER Web App<\/a> <span class=\"tlid-translation translation\" lang=\"de\"><span class=\"\" title=\"\">erm\u00f6glichen die schnelle Generierung von Archetypgeb\u00e4uden mit geringem Eingabeaufwand und den Export einzelner dynamischer Simulationsmodelle f\u00fcr die unten genannten Modelica-Bibliotheken.<\/span> <span class=\"\" title=\"\">Diese Bibliotheken verwenden alle das Framework der IBPSA-Bibliothek von Modelica.<\/span>\u00a0TEASER wird am E.ON Energy Research Center, Lehrstuhl f\u00fcr Geb\u00e4ude- und Raumklimatechnik der RWTH Aachen University entwickelt.<\/span><\/p>\t\t\t\t\t\t<\/div>\n\t\t\t\t<\/div>\n\t\t\t\t\t<\/div>\n\t\t<\/div>\n\t\t\t\t\t\t\t<\/div>\n\t\t<\/section>\n\t\t\t\t<section class=\"elementor-section elementor-top-section elementor-element elementor-element-e2f4126 elementor-section-boxed elementor-section-height-default elementor-section-height-default\" data-id=\"e2f4126\" data-element_type=\"section\">\n\t\t\t\t\t\t<div class=\"elementor-container elementor-column-gap-default\">\n\t\t\t\t\t<div class=\"elementor-column elementor-col-100 elementor-top-column elementor-element elementor-element-549fe82\" data-id=\"549fe82\" data-element_type=\"column\">\n\t\t\t<div class=\"elementor-widget-wrap elementor-element-populated\">\n\t\t\t\t\t\t\t\t<div class=\"elementor-element elementor-element-7e8e403 elementor-widget elementor-widget-heading\" data-id=\"7e8e403\" data-element_type=\"widget\" data-widget_type=\"heading.default\">\n\t\t\t\t<div class=\"elementor-widget-container\">\n\t\t\t<h2 class=\"elementor-heading-title elementor-size-small\"><a href=\"http:\/\/bauklimatik-dresden.de\/mastersim\/index.php\">MASTERSIM<\/a><\/h2>\t\t<\/div>\n\t\t\t\t<\/div>\n\t\t\t\t\t<\/div>\n\t\t<\/div>\n\t\t\t\t\t\t\t<\/div>\n\t\t<\/section>\n\t\t\t\t<section class=\"elementor-section elementor-top-section elementor-element elementor-element-87d242b elementor-section-boxed elementor-section-height-default elementor-section-height-default\" data-id=\"87d242b\" data-element_type=\"section\">\n\t\t\t\t\t\t<div class=\"elementor-container elementor-column-gap-default\">\n\t\t\t\t\t<div class=\"elementor-column elementor-col-50 elementor-top-column elementor-element elementor-element-f8d354e\" data-id=\"f8d354e\" data-element_type=\"column\">\n\t\t\t<div class=\"elementor-widget-wrap elementor-element-populated\">\n\t\t\t\t\t\t\t\t<div class=\"elementor-element elementor-element-280ed43 elementor-widget elementor-widget-image\" data-id=\"280ed43\" data-element_type=\"widget\" data-widget_type=\"image.default\">\n\t\t\t\t<div class=\"elementor-widget-container\">\n\t\t\t\t\t\t\t\t\t\t\t\t\t\t\t\t<a href=\"http:\/\/bauklimatik-dresden.de\/mastersim\/index.php\">\n\t\t\t\t\t\t\t<img loading=\"lazy\" decoding=\"async\" width=\"428\" height=\"322\" src=\"https:\/\/ibpsa-germany.org\/wordpress\/wp-content\/uploads\/2019\/07\/MASTERSIM.png\" class=\"attachment-large size-large wp-image-433\" alt=\"\" srcset=\"https:\/\/ibpsa-germany.org\/wordpress\/wp-content\/uploads\/2019\/07\/MASTERSIM.png 428w, https:\/\/ibpsa-germany.org\/wordpress\/wp-content\/uploads\/2019\/07\/MASTERSIM-300x226.png 300w\" sizes=\"(max-width: 428px) 100vw, 428px\" \/>\t\t\t\t\t\t\t\t<\/a>\n\t\t\t\t\t\t\t\t\t\t\t\t\t\t\t<\/div>\n\t\t\t\t<\/div>\n\t\t\t\t\t<\/div>\n\t\t<\/div>\n\t\t\t\t<div class=\"elementor-column elementor-col-50 elementor-top-column elementor-element elementor-element-52e23e6\" data-id=\"52e23e6\" data-element_type=\"column\">\n\t\t\t<div class=\"elementor-widget-wrap elementor-element-populated\">\n\t\t\t\t\t\t\t\t<div class=\"elementor-element elementor-element-8b8cae9 elementor-widget elementor-widget-text-editor\" data-id=\"8b8cae9\" data-element_type=\"widget\" data-widget_type=\"text-editor.default\">\n\t\t\t\t<div class=\"elementor-widget-container\">\n\t\t\t\t\t\t\t<p><a href=\"http:\/\/bauklimatik-dresden.de\/mastersim\/index.php\">MASTERSIM<\/a> ist ein FMI Co-Simulation Master und eine <i>Programmierbibliothek<\/i>. Es wird das Functional Mockup Interface f\u00fcr Co-Simulation in Version 1.0 und 2.0 unterst\u00fctzt. Unter Verwendung der Funktionalit\u00e4t von Version 2.0-Funktionalit\u00e4t sind verschiedene Iterationsalgorithmen implementiert, welche die F\u00e4higkeit einer FMU zum Zur\u00fccksetzen des Zustands nutzt und dadurch die Stabilit\u00e4t der Simulation verbessert. MasterSim wird aktiv am Institut f\u00fcr Bauklimatik der TU Dresden entwickelt.<\/p>\t\t\t\t\t\t<\/div>\n\t\t\t\t<\/div>\n\t\t\t\t\t<\/div>\n\t\t<\/div>\n\t\t\t\t\t\t\t<\/div>\n\t\t<\/section>\n\t\t\t\t<section class=\"elementor-section elementor-top-section elementor-element elementor-element-ca4b0e6 elementor-section-boxed elementor-section-height-default elementor-section-height-default\" data-id=\"ca4b0e6\" data-element_type=\"section\">\n\t\t\t\t\t\t<div class=\"elementor-container elementor-column-gap-default\">\n\t\t\t\t\t<div class=\"elementor-column elementor-col-100 elementor-top-column elementor-element elementor-element-88f1630\" data-id=\"88f1630\" data-element_type=\"column\">\n\t\t\t<div class=\"elementor-widget-wrap elementor-element-populated\">\n\t\t\t\t\t\t\t\t<div class=\"elementor-element elementor-element-c83cdba elementor-widget elementor-widget-heading\" data-id=\"c83cdba\" data-element_type=\"widget\" data-widget_type=\"heading.default\">\n\t\t\t\t<div class=\"elementor-widget-container\">\n\t\t\t<h2 class=\"elementor-heading-title elementor-size-small\"><a href=\"http:\/\/bauklimatik-dresden.de\/postproc\/index.php?aLa=de\">POSTPROC<\/a><\/h2>\t\t<\/div>\n\t\t\t\t<\/div>\n\t\t\t\t\t<\/div>\n\t\t<\/div>\n\t\t\t\t\t\t\t<\/div>\n\t\t<\/section>\n\t\t\t\t<section class=\"elementor-section elementor-top-section elementor-element elementor-element-854f90d elementor-section-boxed elementor-section-height-default elementor-section-height-default\" data-id=\"854f90d\" data-element_type=\"section\">\n\t\t\t\t\t\t<div class=\"elementor-container elementor-column-gap-default\">\n\t\t\t\t\t<div class=\"elementor-column elementor-col-50 elementor-top-column elementor-element elementor-element-2ea869d\" data-id=\"2ea869d\" data-element_type=\"column\">\n\t\t\t<div class=\"elementor-widget-wrap elementor-element-populated\">\n\t\t\t\t\t\t\t\t<div class=\"elementor-element elementor-element-d1067c2 elementor-widget elementor-widget-image\" data-id=\"d1067c2\" data-element_type=\"widget\" data-widget_type=\"image.default\">\n\t\t\t\t<div class=\"elementor-widget-container\">\n\t\t\t\t\t\t\t\t\t\t\t\t\t\t\t\t<a href=\"http:\/\/bauklimatik-dresden.de\/postproc\/index.php?aLa=de\">\n\t\t\t\t\t\t\t<img loading=\"lazy\" decoding=\"async\" width=\"428\" height=\"342\" src=\"https:\/\/ibpsa-germany.org\/wordpress\/wp-content\/uploads\/2019\/07\/POSTPROC.png\" class=\"attachment-large size-large wp-image-432\" alt=\"\" srcset=\"https:\/\/ibpsa-germany.org\/wordpress\/wp-content\/uploads\/2019\/07\/POSTPROC.png 428w, https:\/\/ibpsa-germany.org\/wordpress\/wp-content\/uploads\/2019\/07\/POSTPROC-300x240.png 300w\" sizes=\"(max-width: 428px) 100vw, 428px\" \/>\t\t\t\t\t\t\t\t<\/a>\n\t\t\t\t\t\t\t\t\t\t\t\t\t\t\t<\/div>\n\t\t\t\t<\/div>\n\t\t\t\t\t<\/div>\n\t\t<\/div>\n\t\t\t\t<div class=\"elementor-column elementor-col-50 elementor-top-column elementor-element elementor-element-84bcf49\" data-id=\"84bcf49\" data-element_type=\"column\">\n\t\t\t<div class=\"elementor-widget-wrap elementor-element-populated\">\n\t\t\t\t\t\t\t\t<div class=\"elementor-element elementor-element-ac8c3ab elementor-widget elementor-widget-text-editor\" data-id=\"ac8c3ab\" data-element_type=\"widget\" data-widget_type=\"text-editor.default\">\n\t\t\t\t<div class=\"elementor-widget-container\">\n\t\t\t\t\t\t\t<p><a href=\"http:\/\/bauklimatik-dresden.de\/postproc\/index.php?aLa=de\" data-wplink-edit=\"true\">POSTPROC<\/a> ist ein wissenschaftliches Post-Prozessing, welches speziell f\u00fcr die Datenauswertung von Simulationsergebnissen\u00a0 entwickelt wurde. Der Schwerpunkt liegt auf zeitabh\u00e4ngigen\/dynamischen Daten. Durch die flexible Datenschnittstelle ist die Anwendung sehr vielf\u00e4ltig einsetzbar, z.B. auch f\u00fcr die Analyse von Messdaten. PostProc wird aktiv am Institut f\u00fcr Bauklimatik der TU Dresden entwickelt.<\/p>\t\t\t\t\t\t<\/div>\n\t\t\t\t<\/div>\n\t\t\t\t\t<\/div>\n\t\t<\/div>\n\t\t\t\t\t\t\t<\/div>\n\t\t<\/section>\n\t\t\t\t<section class=\"elementor-section elementor-top-section elementor-element elementor-element-263aef5 elementor-section-boxed elementor-section-height-default elementor-section-height-default\" data-id=\"263aef5\" data-element_type=\"section\">\n\t\t\t\t\t\t<div class=\"elementor-container elementor-column-gap-default\">\n\t\t\t\t\t<div class=\"elementor-column elementor-col-100 elementor-top-column elementor-element elementor-element-99bf32d\" data-id=\"99bf32d\" data-element_type=\"column\">\n\t\t\t<div class=\"elementor-widget-wrap elementor-element-populated\">\n\t\t\t\t\t\t\t\t<div class=\"elementor-element elementor-element-da8c42e elementor-widget elementor-widget-heading\" data-id=\"da8c42e\" data-element_type=\"widget\" data-widget_type=\"heading.default\">\n\t\t\t\t<div class=\"elementor-widget-container\">\n\t\t\t<h2 class=\"elementor-heading-title elementor-size-small\"><a href=\"https:\/\/fh-aachen.sciebo.de\/index.php\/s\/0hxub0iIJrui3ED\">CARNOT Toolbox<\/a><\/h2>\t\t<\/div>\n\t\t\t\t<\/div>\n\t\t\t\t\t<\/div>\n\t\t<\/div>\n\t\t\t\t\t\t\t<\/div>\n\t\t<\/section>\n\t\t\t\t<section class=\"elementor-section elementor-top-section elementor-element elementor-element-8a212ff elementor-section-boxed elementor-section-height-default elementor-section-height-default\" data-id=\"8a212ff\" data-element_type=\"section\">\n\t\t\t\t\t\t<div class=\"elementor-container elementor-column-gap-default\">\n\t\t\t\t\t<div class=\"elementor-column elementor-col-100 elementor-top-column elementor-element elementor-element-f67592e\" data-id=\"f67592e\" data-element_type=\"column\">\n\t\t\t<div class=\"elementor-widget-wrap elementor-element-populated\">\n\t\t\t\t\t\t\t\t<div class=\"elementor-element elementor-element-014a525 elementor-widget elementor-widget-text-editor\" data-id=\"014a525\" data-element_type=\"widget\" data-widget_type=\"text-editor.default\">\n\t\t\t\t<div class=\"elementor-widget-container\">\n\t\t\t\t\t\t\t<p><a href=\"https:\/\/fh-aachen.sciebo.de\/index.php\/s\/0hxub0iIJrui3ED\">Die Toolbox-Erweiterung CARNOT<\/a> f\u00fcr MATLAB SIMULINK ist ein Werkzeug zur Berechnung und Simulation der thermischen Komponenten von HLK-Anlagen im Hinblick auf konventionelle und regenerative Elemente. Die CARNOT Toolbox ist eine Bibliothek mit typischen Komponenten dieser Systeme. Sie ist wie die SIMULINK Library selbst in Blocksets organisiert. Die Handhabung der Bl\u00f6cke ist genau die gleiche wie in SIMULINK, so dass mit SIMULINK vertraute Anwender die neuen Blocksets auf die gleiche Weise direkt nutzen k\u00f6nnen.<\/p>\t\t\t\t\t\t<\/div>\n\t\t\t\t<\/div>\n\t\t\t\t\t<\/div>\n\t\t<\/div>\n\t\t\t\t\t\t\t<\/div>\n\t\t<\/section>\n\t\t\t\t<section class=\"elementor-section elementor-top-section elementor-element elementor-element-25841e5 elementor-section-boxed elementor-section-height-default elementor-section-height-default\" data-id=\"25841e5\" data-element_type=\"section\">\n\t\t\t\t\t\t<div class=\"elementor-container elementor-column-gap-default\">\n\t\t\t\t\t<div class=\"elementor-column elementor-col-100 elementor-top-column elementor-element elementor-element-6b81790\" data-id=\"6b81790\" data-element_type=\"column\">\n\t\t\t<div class=\"elementor-widget-wrap elementor-element-populated\">\n\t\t\t\t\t\t\t\t<div class=\"elementor-element elementor-element-3de2578 elementor-widget elementor-widget-image\" data-id=\"3de2578\" data-element_type=\"widget\" data-widget_type=\"image.default\">\n\t\t\t\t<div class=\"elementor-widget-container\">\n\t\t\t\t\t\t\t\t\t\t\t\t<figure class=\"wp-caption\">\n\t\t\t\t\t\t\t\t\t\t<img loading=\"lazy\" decoding=\"async\" width=\"768\" height=\"189\" src=\"https:\/\/ibpsa-germany.org\/wordpress\/wp-content\/uploads\/2019\/12\/CARNOT_70-1-768x189.png\" class=\"attachment-medium_large size-medium_large wp-image-540\" alt=\"\" srcset=\"https:\/\/ibpsa-germany.org\/wordpress\/wp-content\/uploads\/2019\/12\/CARNOT_70-1-768x189.png 768w, https:\/\/ibpsa-germany.org\/wordpress\/wp-content\/uploads\/2019\/12\/CARNOT_70-1-300x74.png 300w, https:\/\/ibpsa-germany.org\/wordpress\/wp-content\/uploads\/2019\/12\/CARNOT_70-1-1024x251.png 1024w, https:\/\/ibpsa-germany.org\/wordpress\/wp-content\/uploads\/2019\/12\/CARNOT_70-1.png 1780w\" sizes=\"(max-width: 768px) 100vw, 768px\" \/>\t\t\t\t\t\t\t\t\t\t\t<figcaption class=\"widget-image-caption wp-caption-text\">Current version: Carnot 7.0, 2019 for Simulink R2018b under BSD 3-Clause License<\/figcaption>\n\t\t\t\t\t\t\t\t\t\t<\/figure>\n\t\t\t\t\t\t\t\t\t<\/div>\n\t\t\t\t<\/div>\n\t\t\t\t\t<\/div>\n\t\t<\/div>\n\t\t\t\t\t\t\t<\/div>\n\t\t<\/section>\n\t\t\t\t<section class=\"elementor-section elementor-top-section elementor-element elementor-element-704cdd6 elementor-section-boxed elementor-section-height-default elementor-section-height-default\" data-id=\"704cdd6\" data-element_type=\"section\">\n\t\t\t\t\t\t<div class=\"elementor-container elementor-column-gap-default\">\n\t\t\t\t\t<div class=\"elementor-column elementor-col-100 elementor-top-column elementor-element elementor-element-ef6823e\" data-id=\"ef6823e\" data-element_type=\"column\">\n\t\t\t<div class=\"elementor-widget-wrap elementor-element-populated\">\n\t\t\t\t\t\t\t\t<div class=\"elementor-element elementor-element-6b3f7b5 elementor-widget elementor-widget-text-editor\" data-id=\"6b3f7b5\" data-element_type=\"widget\" data-widget_type=\"text-editor.default\">\n\t\t\t\t<div class=\"elementor-widget-container\">\n\t\t\t\t\t\t\t<p>Sie k\u00f6nnen Mitglied der CARNOT-Nutzergemeinschaft werden, indem Sie eine E-Mail an: carnot@sij.fh-aachen.de. Die Community h\u00e4lt j\u00e4hrliche Treffen ab, um CARNOT-Anwendungen, Bugs und deren Weiterentwicklung zu diskutieren.<\/p>\t\t\t\t\t\t<\/div>\n\t\t\t\t<\/div>\n\t\t\t\t\t<\/div>\n\t\t<\/div>\n\t\t\t\t\t\t\t<\/div>\n\t\t<\/section>\n\t\t\t\t\t\t\t<\/div>\n\t\t","protected":false},"excerpt":{"rendered":"<p>Kostenfreie Tools aus der Community Im Rahmen von F&amp;E-Projekten werden oft Tools f\u00fcr verschiedenste Aufgaben im Bereich der Quartiers-, Geb\u00e4ude-, Bauteil- und Anlagensimulation entwickelt. Um die Nachnutzung bzw. externe Weiterentwicklung zu f\u00f6rdern, m\u00f6chten wir hier eine \u00dcbersicht pflegen. AixLib AixLib ist eine Modelica-Modellbibliothek zur Erstellung von Geb\u00e4ude- und Anlagensimulationen. Die Bibliothek wird am E.ON Energy [&hellip;]<\/p>\n","protected":false},"author":2,"featured_media":0,"parent":0,"menu_order":0,"comment_status":"closed","ping_status":"closed","template":"","meta":{"footnotes":""},"_links":{"self":[{"href":"https:\/\/ibpsa-germany.org\/wordpress\/wp-json\/wp\/v2\/pages\/417"}],"collection":[{"href":"https:\/\/ibpsa-germany.org\/wordpress\/wp-json\/wp\/v2\/pages"}],"about":[{"href":"https:\/\/ibpsa-germany.org\/wordpress\/wp-json\/wp\/v2\/types\/page"}],"author":[{"embeddable":true,"href":"https:\/\/ibpsa-germany.org\/wordpress\/wp-json\/wp\/v2\/users\/2"}],"replies":[{"embeddable":true,"href":"https:\/\/ibpsa-germany.org\/wordpress\/wp-json\/wp\/v2\/comments?post=417"}],"version-history":[{"count":21,"href":"https:\/\/ibpsa-germany.org\/wordpress\/wp-json\/wp\/v2\/pages\/417\/revisions"}],"predecessor-version":[{"id":543,"href":"https:\/\/ibpsa-germany.org\/wordpress\/wp-json\/wp\/v2\/pages\/417\/revisions\/543"}],"wp:attachment":[{"href":"https:\/\/ibpsa-germany.org\/wordpress\/wp-json\/wp\/v2\/media?parent=417"}],"curies":[{"name":"wp","href":"https:\/\/api.w.org\/{rel}","templated":true}]}}