{"id":279,"date":"2019-01-23T06:18:33","date_gmt":"2019-01-23T05:18:33","guid":{"rendered":"http:\/\/ibpsa-germany.org\/wordpress\/?page_id=279"},"modified":"2019-07-05T09:17:45","modified_gmt":"2019-07-05T07:17:45","slug":"galerie","status":"publish","type":"page","link":"http:\/\/ibpsa-germany.org\/wordpress\/galerie","title":{"rendered":"Galerie"},"content":{"rendered":"\t\t<div data-elementor-type=\"wp-post\" data-elementor-id=\"279\" class=\"elementor elementor-279\">\n\t\t\t\t\t\t\t\t\t<section class=\"elementor-section elementor-top-section elementor-element elementor-element-09c8dcc elementor-section-boxed elementor-section-height-default elementor-section-height-default\" data-id=\"09c8dcc\" data-element_type=\"section\">\n\t\t\t\t\t\t<div class=\"elementor-container elementor-column-gap-default\">\n\t\t\t\t\t<div class=\"elementor-column elementor-col-100 elementor-top-column elementor-element elementor-element-c4142ea\" data-id=\"c4142ea\" data-element_type=\"column\">\n\t\t\t<div class=\"elementor-widget-wrap elementor-element-populated\">\n\t\t\t\t\t\t\t\t<div class=\"elementor-element elementor-element-ce41819 elementor-widget elementor-widget-heading\" data-id=\"ce41819\" data-element_type=\"widget\" data-widget_type=\"heading.default\">\n\t\t\t\t<div class=\"elementor-widget-container\">\n\t\t\t<h2 class=\"elementor-heading-title elementor-size-default\"><a href=\"http:\/\/ibpsa-germany.org\/wordpress\/bauteilsimulation\">Bauteilsimulation<\/a><\/h2>\t\t<\/div>\n\t\t\t\t<\/div>\n\t\t\t\t\t<\/div>\n\t\t<\/div>\n\t\t\t\t\t\t\t<\/div>\n\t\t<\/section>\n\t\t\t\t<section class=\"elementor-section elementor-top-section elementor-element elementor-element-7e3c208 elementor-section-boxed elementor-section-height-default elementor-section-height-default\" data-id=\"7e3c208\" data-element_type=\"section\">\n\t\t\t\t\t\t<div class=\"elementor-container elementor-column-gap-default\">\n\t\t\t\t\t<div class=\"elementor-column elementor-col-50 elementor-top-column elementor-element elementor-element-3b83c34\" data-id=\"3b83c34\" data-element_type=\"column\">\n\t\t\t<div class=\"elementor-widget-wrap elementor-element-populated\">\n\t\t\t\t\t\t\t\t<div class=\"elementor-element elementor-element-bc60516 elementor-widget elementor-widget-image\" data-id=\"bc60516\" data-element_type=\"widget\" data-widget_type=\"image.default\">\n\t\t\t\t<div class=\"elementor-widget-container\">\n\t\t\t\t\t\t\t\t\t\t\t\t\t\t\t\t<a href=\"http:\/\/ibpsa-germany.org\/wordpress\/bauteilsimulation\">\n\t\t\t\t\t\t\t<img loading=\"lazy\" decoding=\"async\" width=\"1024\" height=\"515\" src=\"http:\/\/ibpsa-germany.org\/wordpress\/wp-content\/uploads\/2019\/01\/Bild18-1024x515.png\" class=\"attachment-large size-large wp-image-276\" alt=\"\" srcset=\"http:\/\/ibpsa-germany.org\/wordpress\/wp-content\/uploads\/2019\/01\/Bild18-1024x515.png 1024w, http:\/\/ibpsa-germany.org\/wordpress\/wp-content\/uploads\/2019\/01\/Bild18-300x151.png 300w, http:\/\/ibpsa-germany.org\/wordpress\/wp-content\/uploads\/2019\/01\/Bild18-768x386.png 768w, http:\/\/ibpsa-germany.org\/wordpress\/wp-content\/uploads\/2019\/01\/Bild18.png 1471w\" sizes=\"(max-width: 1024px) 100vw, 1024px\" \/>\t\t\t\t\t\t\t\t<\/a>\n\t\t\t\t\t\t\t\t\t\t\t\t\t\t\t<\/div>\n\t\t\t\t<\/div>\n\t\t\t\t\t<\/div>\n\t\t<\/div>\n\t\t\t\t<div class=\"elementor-column elementor-col-50 elementor-top-column elementor-element elementor-element-9f72284\" data-id=\"9f72284\" data-element_type=\"column\">\n\t\t\t<div class=\"elementor-widget-wrap elementor-element-populated\">\n\t\t\t\t\t\t\t\t<div class=\"elementor-element elementor-element-76ad816 elementor-widget elementor-widget-text-editor\" data-id=\"76ad816\" data-element_type=\"widget\" data-widget_type=\"text-editor.default\">\n\t\t\t\t<div class=\"elementor-widget-container\">\n\t\t\t\t\t\t\t<p><a href=\"http:\/\/ibpsa-germany.org\/wordpress\/bauteilsimulation\">Die Bauteilsimulation<\/a> bewertet das Feuchte- und Temperaturverhalten von Baukonstruktionen. Von Interesse sind die Bewertung von Sch\u00e4digungsprozessen von Materialien (z.B. Frost, Schimmel, Holzf\u00e4ule, Korrosion, Kristallisation) und die energetische Optimierung (Resourceneinsatz, D\u00e4mmkonzepte). Bauteilsimulationen werden in der Regel f\u00fcr 2D-Details, in Ausnahmef\u00e4llen f\u00fcr 3D-Details ausgef\u00fchrt. Erweiterte Bauteilsimulationen ber\u00fccksichtigen auch die Luftstr\u00f6mung durch Bauteile, die Emission von Schadstoffen durch Baustoffe und die Wirkung von Salzen im Mauerwerk.<\/p>\t\t\t\t\t\t<\/div>\n\t\t\t\t<\/div>\n\t\t\t\t\t<\/div>\n\t\t<\/div>\n\t\t\t\t\t\t\t<\/div>\n\t\t<\/section>\n\t\t\t\t<section class=\"elementor-section elementor-top-section elementor-element elementor-element-3016dbf elementor-section-boxed elementor-section-height-default elementor-section-height-default\" data-id=\"3016dbf\" data-element_type=\"section\">\n\t\t\t\t\t\t<div class=\"elementor-container elementor-column-gap-default\">\n\t\t\t\t\t<div class=\"elementor-column elementor-col-100 elementor-top-column elementor-element elementor-element-bbd54bd\" data-id=\"bbd54bd\" data-element_type=\"column\">\n\t\t\t<div class=\"elementor-widget-wrap elementor-element-populated\">\n\t\t\t\t\t\t\t\t<div class=\"elementor-element elementor-element-1c61371 elementor-widget elementor-widget-heading\" data-id=\"1c61371\" data-element_type=\"widget\" data-widget_type=\"heading.default\">\n\t\t\t\t<div class=\"elementor-widget-container\">\n\t\t\t<h2 class=\"elementor-heading-title elementor-size-default\"><a href=\"http:\/\/ibpsa-germany.org\/wordpress\/gebaeudesimulation\">Geb\u00e4udesimulation<\/a><\/h2>\t\t<\/div>\n\t\t\t\t<\/div>\n\t\t\t\t\t<\/div>\n\t\t<\/div>\n\t\t\t\t\t\t\t<\/div>\n\t\t<\/section>\n\t\t\t\t<section class=\"elementor-section elementor-top-section elementor-element elementor-element-6867bb2 elementor-section-boxed elementor-section-height-default elementor-section-height-default\" data-id=\"6867bb2\" data-element_type=\"section\">\n\t\t\t\t\t\t<div class=\"elementor-container elementor-column-gap-default\">\n\t\t\t\t\t<div class=\"elementor-column elementor-col-50 elementor-top-column elementor-element elementor-element-5eee978\" data-id=\"5eee978\" data-element_type=\"column\">\n\t\t\t<div class=\"elementor-widget-wrap elementor-element-populated\">\n\t\t\t\t\t\t\t\t<div class=\"elementor-element elementor-element-77e6f3f elementor-widget elementor-widget-image\" data-id=\"77e6f3f\" data-element_type=\"widget\" data-widget_type=\"image.default\">\n\t\t\t\t<div class=\"elementor-widget-container\">\n\t\t\t\t\t\t\t\t\t\t\t\t\t\t\t\t<a href=\"http:\/\/ibpsa-germany.org\/wordpress\/gebaeudesimulation\">\n\t\t\t\t\t\t\t<img loading=\"lazy\" decoding=\"async\" width=\"369\" height=\"253\" src=\"http:\/\/ibpsa-germany.org\/wordpress\/wp-content\/uploads\/2019\/07\/Geb\u00e4udesim.png\" class=\"attachment-large size-large wp-image-505\" alt=\"\" srcset=\"http:\/\/ibpsa-germany.org\/wordpress\/wp-content\/uploads\/2019\/07\/Geb\u00e4udesim.png 369w, http:\/\/ibpsa-germany.org\/wordpress\/wp-content\/uploads\/2019\/07\/Geb\u00e4udesim-300x206.png 300w\" sizes=\"(max-width: 369px) 100vw, 369px\" \/>\t\t\t\t\t\t\t\t<\/a>\n\t\t\t\t\t\t\t\t\t\t\t\t\t\t\t<\/div>\n\t\t\t\t<\/div>\n\t\t\t\t\t<\/div>\n\t\t<\/div>\n\t\t\t\t<div class=\"elementor-column elementor-col-50 elementor-top-column elementor-element elementor-element-1459a9b\" data-id=\"1459a9b\" data-element_type=\"column\">\n\t\t\t<div class=\"elementor-widget-wrap elementor-element-populated\">\n\t\t\t\t\t\t\t\t<div class=\"elementor-element elementor-element-ae0ff70 elementor-widget elementor-widget-text-editor\" data-id=\"ae0ff70\" data-element_type=\"widget\" data-widget_type=\"text-editor.default\">\n\t\t\t\t<div class=\"elementor-widget-container\">\n\t\t\t\t\t\t\t<p><a href=\"http:\/\/ibpsa-germany.org\/wordpress\/gebaeudesimulation\">Die Geb\u00e4udesimulation<\/a> bewertet das energetische und bauklimatische Verhalten von Geb\u00e4uden. Neben der thermischen Behaglichkeit sind vor allem Fragen der Energieeffizienz von Interesse. Die Geb\u00e4udesimulation fokussiert eher auf das passive Verhalten des Geb\u00e4udes und kann schon sehr fr\u00fchzeitig im Entwurfprozess sinnvolle Aussagen liefern. Au\u00dferdem k\u00f6nnen Beleuchtung, Luftstr\u00f6mungen und -konvektion in gr\u00f6\u00dferen R\u00e4umen, wie z.B. Atrien sowie das Brandverhalten (Verteilung von Rauchgasen) simuliert werden. HLK-Anlagen werden idealisiert oder in geringer Detaillierungstiefe abgebildet.<\/p>\t\t\t\t\t\t<\/div>\n\t\t\t\t<\/div>\n\t\t\t\t\t<\/div>\n\t\t<\/div>\n\t\t\t\t\t\t\t<\/div>\n\t\t<\/section>\n\t\t\t\t<section class=\"elementor-section elementor-top-section elementor-element elementor-element-1dc2132 elementor-section-boxed elementor-section-height-default elementor-section-height-default\" data-id=\"1dc2132\" data-element_type=\"section\">\n\t\t\t\t\t\t<div class=\"elementor-container elementor-column-gap-default\">\n\t\t\t\t\t<div class=\"elementor-column elementor-col-100 elementor-top-column elementor-element elementor-element-b1808cb\" data-id=\"b1808cb\" data-element_type=\"column\">\n\t\t\t<div class=\"elementor-widget-wrap elementor-element-populated\">\n\t\t\t\t\t\t\t\t<div class=\"elementor-element elementor-element-d032ff0 elementor-widget elementor-widget-heading\" data-id=\"d032ff0\" data-element_type=\"widget\" data-widget_type=\"heading.default\">\n\t\t\t\t<div class=\"elementor-widget-container\">\n\t\t\t<h2 class=\"elementor-heading-title elementor-size-default\"><a href=\"http:\/\/ibpsa-germany.org\/wordpress\/anlagensimulation\">Anlagensimulation<\/a><\/h2>\t\t<\/div>\n\t\t\t\t<\/div>\n\t\t\t\t\t<\/div>\n\t\t<\/div>\n\t\t\t\t\t\t\t<\/div>\n\t\t<\/section>\n\t\t\t\t<section class=\"elementor-section elementor-top-section elementor-element elementor-element-8cd9dd7 elementor-section-boxed elementor-section-height-default elementor-section-height-default\" data-id=\"8cd9dd7\" data-element_type=\"section\">\n\t\t\t\t\t\t<div class=\"elementor-container elementor-column-gap-default\">\n\t\t\t\t\t<div class=\"elementor-column elementor-col-50 elementor-top-column elementor-element elementor-element-08663c5\" data-id=\"08663c5\" data-element_type=\"column\">\n\t\t\t<div class=\"elementor-widget-wrap elementor-element-populated\">\n\t\t\t\t\t\t\t\t<div class=\"elementor-element elementor-element-6ddf779 elementor-widget elementor-widget-image\" data-id=\"6ddf779\" data-element_type=\"widget\" data-widget_type=\"image.default\">\n\t\t\t\t<div class=\"elementor-widget-container\">\n\t\t\t\t\t\t\t\t\t\t\t\t\t\t\t\t<a href=\"http:\/\/ibpsa-germany.org\/wordpress\/anlagensimulation\">\n\t\t\t\t\t\t\t<img loading=\"lazy\" decoding=\"async\" width=\"1024\" height=\"605\" src=\"http:\/\/ibpsa-germany.org\/wordpress\/wp-content\/uploads\/2019\/07\/Anlagensim-1024x605.png\" class=\"attachment-large size-large wp-image-508\" alt=\"\" srcset=\"http:\/\/ibpsa-germany.org\/wordpress\/wp-content\/uploads\/2019\/07\/Anlagensim-1024x605.png 1024w, http:\/\/ibpsa-germany.org\/wordpress\/wp-content\/uploads\/2019\/07\/Anlagensim-300x177.png 300w, http:\/\/ibpsa-germany.org\/wordpress\/wp-content\/uploads\/2019\/07\/Anlagensim-768x454.png 768w, http:\/\/ibpsa-germany.org\/wordpress\/wp-content\/uploads\/2019\/07\/Anlagensim.png 1122w\" sizes=\"(max-width: 1024px) 100vw, 1024px\" \/>\t\t\t\t\t\t\t\t<\/a>\n\t\t\t\t\t\t\t\t\t\t\t\t\t\t\t<\/div>\n\t\t\t\t<\/div>\n\t\t\t\t\t<\/div>\n\t\t<\/div>\n\t\t\t\t<div class=\"elementor-column elementor-col-50 elementor-top-column elementor-element elementor-element-c11a2aa\" data-id=\"c11a2aa\" data-element_type=\"column\">\n\t\t\t<div class=\"elementor-widget-wrap elementor-element-populated\">\n\t\t\t\t\t\t\t\t<div class=\"elementor-element elementor-element-b24fbbc elementor-widget elementor-widget-text-editor\" data-id=\"b24fbbc\" data-element_type=\"widget\" data-widget_type=\"text-editor.default\">\n\t\t\t\t<div class=\"elementor-widget-container\">\n\t\t\t\t\t\t\t<p><a href=\"http:\/\/ibpsa-germany.org\/wordpress\/anlagensimulation\">Die Anlagensimulation<\/a> bewertet die Funktion von HLK-Anlagen in Geb\u00e4uden. Die Detaillierungstiefe der Anlagenmodelle und der zugeh\u00f6rigen Regelungsmodelle ist gr\u00f6\u00dfer als bei der Geb\u00e4udesimulation. Au\u00dferdem wird die Kopplung von W\u00e4rme, K\u00e4lte und Strom vor allem in der Anlagensimulation umgesetzt. Mit Hilfe der Anlagensimulation k\u00f6nnen auf die Nutzung der Geb\u00e4ude abgestimmte Regelungskonzepte entwickelt werden. Die gekoppelte Geb\u00e4ude- und Anlagensimulation kann die energetische Betriebsoptimierung unterst\u00fctzen.<\/p>\t\t\t\t\t\t<\/div>\n\t\t\t\t<\/div>\n\t\t\t\t\t<\/div>\n\t\t<\/div>\n\t\t\t\t\t\t\t<\/div>\n\t\t<\/section>\n\t\t\t\t<section class=\"elementor-section elementor-top-section elementor-element elementor-element-2dc6eea elementor-section-boxed elementor-section-height-default elementor-section-height-default\" data-id=\"2dc6eea\" data-element_type=\"section\">\n\t\t\t\t\t\t<div class=\"elementor-container elementor-column-gap-default\">\n\t\t\t\t\t<div class=\"elementor-column elementor-col-100 elementor-top-column elementor-element elementor-element-7c955e0\" data-id=\"7c955e0\" data-element_type=\"column\">\n\t\t\t<div class=\"elementor-widget-wrap elementor-element-populated\">\n\t\t\t\t\t\t\t\t<div class=\"elementor-element elementor-element-b23123b elementor-widget elementor-widget-heading\" data-id=\"b23123b\" data-element_type=\"widget\" data-widget_type=\"heading.default\">\n\t\t\t\t<div class=\"elementor-widget-container\">\n\t\t\t<h2 class=\"elementor-heading-title elementor-size-default\"><a href=\"http:\/\/ibpsa-germany.org\/wordpress\/quartierssimulation\">Quartierssimulation<\/a><\/h2>\t\t<\/div>\n\t\t\t\t<\/div>\n\t\t\t\t\t<\/div>\n\t\t<\/div>\n\t\t\t\t\t\t\t<\/div>\n\t\t<\/section>\n\t\t\t\t<section class=\"elementor-section elementor-top-section elementor-element elementor-element-4da5221 elementor-section-boxed elementor-section-height-default elementor-section-height-default\" data-id=\"4da5221\" data-element_type=\"section\">\n\t\t\t\t\t\t<div class=\"elementor-container elementor-column-gap-default\">\n\t\t\t\t\t<div class=\"elementor-column elementor-col-50 elementor-top-column elementor-element elementor-element-15ebde3\" data-id=\"15ebde3\" data-element_type=\"column\">\n\t\t\t<div class=\"elementor-widget-wrap elementor-element-populated\">\n\t\t\t\t\t\t\t\t<div class=\"elementor-element elementor-element-f2febb3 elementor-widget elementor-widget-image\" data-id=\"f2febb3\" data-element_type=\"widget\" data-widget_type=\"image.default\">\n\t\t\t\t<div class=\"elementor-widget-container\">\n\t\t\t\t\t\t\t\t\t\t\t\t\t\t\t\t<a href=\"http:\/\/ibpsa-germany.org\/wordpress\/quartierssimulation\">\n\t\t\t\t\t\t\t<img loading=\"lazy\" decoding=\"async\" width=\"1024\" height=\"640\" src=\"http:\/\/ibpsa-germany.org\/wordpress\/wp-content\/uploads\/2019\/07\/TUD-Campus-1024x640.png\" class=\"attachment-large size-large wp-image-501\" alt=\"\" srcset=\"http:\/\/ibpsa-germany.org\/wordpress\/wp-content\/uploads\/2019\/07\/TUD-Campus-1024x640.png 1024w, http:\/\/ibpsa-germany.org\/wordpress\/wp-content\/uploads\/2019\/07\/TUD-Campus-300x187.png 300w, http:\/\/ibpsa-germany.org\/wordpress\/wp-content\/uploads\/2019\/07\/TUD-Campus-768x480.png 768w, http:\/\/ibpsa-germany.org\/wordpress\/wp-content\/uploads\/2019\/07\/TUD-Campus.png 1388w\" sizes=\"(max-width: 1024px) 100vw, 1024px\" \/>\t\t\t\t\t\t\t\t<\/a>\n\t\t\t\t\t\t\t\t\t\t\t\t\t\t\t<\/div>\n\t\t\t\t<\/div>\n\t\t\t\t\t<\/div>\n\t\t<\/div>\n\t\t\t\t<div class=\"elementor-column elementor-col-50 elementor-top-column elementor-element elementor-element-8066eb9\" data-id=\"8066eb9\" data-element_type=\"column\">\n\t\t\t<div class=\"elementor-widget-wrap elementor-element-populated\">\n\t\t\t\t\t\t\t\t<div class=\"elementor-element elementor-element-8830bb8 elementor-widget elementor-widget-text-editor\" data-id=\"8830bb8\" data-element_type=\"widget\" data-widget_type=\"text-editor.default\">\n\t\t\t\t<div class=\"elementor-widget-container\">\n\t\t\t\t\t\t\t<p><a href=\"http:\/\/ibpsa-germany.org\/wordpress\/quartierssimulation\">Die Quartierssimulation<\/a> bewertet Gruppen von Geb\u00e4uden einschlie\u00dflich ihrer Infrastruktur. Dazu z\u00e4hlen Siedlungen, Ortsteile, Stadtquartiere und auch gro\u00dfe Geb\u00e4udekomplexe mit Mischnutzung. Die Quartiersimulation zielt darauf ab, moderne Versorgungskonzepte mit sinnvoller Einbindung regenerativer Energien zu entwickeln. Sie kann eingesetzt werden, um die Erzeugung, Verteilung und \u00dcbergabe von W\u00e4rme- und K\u00e4lte zu dimensionieren und um energetische Zielwerte f\u00fcr die Geb\u00e4udeentw\u00fcrfe vorzugeben.<\/p>\t\t\t\t\t\t<\/div>\n\t\t\t\t<\/div>\n\t\t\t\t\t<\/div>\n\t\t<\/div>\n\t\t\t\t\t\t\t<\/div>\n\t\t<\/section>\n\t\t\t\t\t\t\t<\/div>\n\t\t","protected":false},"excerpt":{"rendered":"<p>Bauteilsimulation Die Bauteilsimulation bewertet das Feuchte- und Temperaturverhalten von Baukonstruktionen. Von Interesse sind die Bewertung von Sch\u00e4digungsprozessen von Materialien (z.B. Frost, Schimmel, Holzf\u00e4ule, Korrosion, Kristallisation) und die energetische Optimierung (Resourceneinsatz, D\u00e4mmkonzepte). Bauteilsimulationen werden in der Regel f\u00fcr 2D-Details, in Ausnahmef\u00e4llen f\u00fcr 3D-Details ausgef\u00fchrt. Erweiterte Bauteilsimulationen ber\u00fccksichtigen auch die Luftstr\u00f6mung durch Bauteile, die Emission von Schadstoffen [&hellip;]<\/p>\n","protected":false},"author":2,"featured_media":0,"parent":0,"menu_order":0,"comment_status":"closed","ping_status":"closed","template":"","meta":{"footnotes":""},"_links":{"self":[{"href":"http:\/\/ibpsa-germany.org\/wordpress\/wp-json\/wp\/v2\/pages\/279"}],"collection":[{"href":"http:\/\/ibpsa-germany.org\/wordpress\/wp-json\/wp\/v2\/pages"}],"about":[{"href":"http:\/\/ibpsa-germany.org\/wordpress\/wp-json\/wp\/v2\/types\/page"}],"author":[{"embeddable":true,"href":"http:\/\/ibpsa-germany.org\/wordpress\/wp-json\/wp\/v2\/users\/2"}],"replies":[{"embeddable":true,"href":"http:\/\/ibpsa-germany.org\/wordpress\/wp-json\/wp\/v2\/comments?post=279"}],"version-history":[{"count":29,"href":"http:\/\/ibpsa-germany.org\/wordpress\/wp-json\/wp\/v2\/pages\/279\/revisions"}],"predecessor-version":[{"id":518,"href":"http:\/\/ibpsa-germany.org\/wordpress\/wp-json\/wp\/v2\/pages\/279\/revisions\/518"}],"wp:attachment":[{"href":"http:\/\/ibpsa-germany.org\/wordpress\/wp-json\/wp\/v2\/media?parent=279"}],"curies":[{"name":"wp","href":"https:\/\/api.w.org\/{rel}","templated":true}]}}